the tens digit of -44*(-50 + 2) + 4/8*0?
1
Let t be 1/((-7)/(-2)) - 116160/(-140). Suppose 5*p - 500 = t. What is the tens digit of p?
6
Let u(i) = -6*i - 3. Let q(d) = -2*d + 1. Let h(x) = -4*q(x) + u(x). Let a be h(22). Suppose a = -9*y + 523. What is the units digit of y?
4
Let x(a) = -162*a - 2274. What is the units digit of x(-62)?
0
Suppose -4*w + 5 = -3*a, -5*a - 5*w + 7 = -43. Suppose -162 = -a*q - 2*o + 21, -4*o = -3*q + 89. What is the units digit of q?
5
Suppose -94*h - 5414177 = -321*h. What is the tens digit of h?
5
Let l = -214 - -220. Suppose -11*n = -l*n + 5*f - 450, 0 = -3*n - 4*f + 271. What is the units digit of n?
9
Let a = 21114 - 8248. What is the hundreds digit of a?
8
What is the hundreds digit of (-1296750)/(-280) + (-5)/4?
6
Suppose -46*y + 330600 = 57*y - 88*y. What is the ten thousands digit of y?
2
Let h be (8/3)/(6/765). Suppose 4*x = -2*p + 136, -5*p = -7*x + 2*x - h. Suppose -3*a - 3*y + p = -2*y, -4*a + 4*y = -80. What is the tens digit of a?
2
Suppose o = -2 + 20. Let i(x) = 6*x**2 + 29*x + 27. Let v(h) = -4*h**2 - 29*h - 26. Let f(m) = 3*i(m) + 4*v(m). What is the hundreds digit of f(o)?
1
Let i(v) = 110*v**2 - 23*v - 227. What is the tens digit of i(-11)?
3
Suppose 67*l = 4408820 + 1036672. What is the tens digit of l?
7
Suppose -5*k + 118 = 3*l, -4*k + 66 = 4*l - 78. Suppose 0 = -l*a + 21*a + 4860. What is the units digit of a?
6
Let h(j) = 10*j - 178. Let v be h(20). Suppose 0 = v*n - 24*n + 1586. What is the tens digit of n?
9
What is the units digit of (-9219)/399 + 23 - 317114/(-38)?
5
Suppose 92*l - 135*l + 2745653 = 710592. What is the hundreds digit of l?
3
What is the thousands digit of (42 + -50)*(-1058)/4?
2
Let v(j) = -j**2 - 33*j - 56. Let g(y) = y - 1. Let c(w) = 3*g(w) + v(w). What is the hundreds digit of c(-15)?
1
Let j = 77936 - 31370. What is the units digit of j?
6
Let g be ((-1585)/20)/((-13)/260). Suppose -143*t = -148*t + g. What is the units digit of t?
7
Let r(s) = 185*s**2 + 276*s - 2854. What is the thousands digit of r(10)?
8
Let w = -5315 - -11125. What is the tens digit of w?
1
What is the hundreds digit of 396396/48 - 9*6/216?
2
Suppose -8839 = -17*p + 13*p - 1435. What is the units digit of p?
1
Suppose 39*l - 32*l - 35 = 0. Suppose p - 2*y - 562 + 132 = 0, 2*p - 855 = l*y. What is the units digit of p?
0
Let b(v) = v**2 + 6*v + 2. Let u be b(-6). Suppose -2*h = u*h. Suppose h = -3*f - j + 332 - 86, 3*j - 9 = 0. What is the units digit of f?
1
Suppose -f = s - 4*f - 5, -5*s + 38 = -2*f. Suppose -s = -2*b, -6*b = -5*a - 8*b + 243. What is the tens digit of a?
4
What is the thousands digit of 2*11/((-22)/(-14125))?
4
Let b = -682 + 699. Suppose 0 = -21*r + b*r + 856. What is the tens digit of r?
1
Suppose -734*i = -745*i + 37191. What is the thousands digit of i?
3
Let g(h) = 27*h - 87. Let m be g(17). Let l = m + 277. What is the units digit of l?
9
Suppose -709*i + 711*i - 11564 = 0. What is the tens digit of i?
8
Let u(l) = 5907*l - 11766. What is the units digit of u(15)?
9
Suppose 2*c - 848 = -2*a, -3*c + 1332 = -a + 52. Suppose c = -7*n + 1364. What is the tens digit of n?
3
Suppose 5*z - 2*b + 9 = 1, 0 = -z - 4*b + 16. Let j = 162 - 159. Suppose 3*o - 354 = -2*s - j*s, 3*s + 3*o - 210 = z. What is the units digit of s?
2
Let m be (-2 + 60/25)/(4/70). Let y(n) = 17*n - 40. Let i be y(m). What is the tens digit of 2*(-3 + i + -2 + -2)?
4
Suppose -5*o - 4*u = -36763, 5*o = 3*u + 7990 + 28759. What is the units digit of o?
1
Suppose -34*l + 24931 = 135805. Let b = l + 4592. What is the tens digit of b?
3
Let b = -130 + 126. Let n(c) = -107*c + 46. What is the tens digit of n(b)?
7
Let x(g) = -g**3 + 39*g**2 + 43*g - 23. Let y(j) = 22*j - 27. Let v be y(3). What is the hundreds digit of x(v)?
6
Let m(y) = -269*y + 2997. What is the units digit of m(-32)?
5
Suppose -j = 3*u - 35025, -19*j - 46692 = -4*u - 23*j. What is the hundreds digit of u?
6
Let p(l) = l + 12. Let s be 4*20/(-8)*-4. Suppose -s = -3*z + 29. What is the tens digit of p(z)?
3
Let a be (6/36*-51)/(2/(-8)). Let x = -20 + a. What is the units digit of x + -5*(-4 - -5)?
9
Let p(q) be the second derivative of -9*q**4/4 - 4*q**3/3 - 19*q**2/2 - 25*q. Let i(j) be the first derivative of p(j). What is the tens digit of i(-3)?
5
Let u(x) = -x**3 + x**2 + 26*x + 15231. What is the tens digit of u(0)?
3
Let l(s) = -27997*s + 1003. What is the thousands digit of l(-2)?
6
Suppose 0 = -3*c + 7*f - 4*f + 6, 5*c + 4*f = 37. Suppose c*s - 5*p - 94 = -9, 2*s = 4*p + 34. What is the tens digit of s?
1
Let z(x) = 460*x + 50. Let l be z(4). Suppose 3*n + 5*c - 2333 = l, -n - 2*c = -1406. What is the units digit of n?
6
Let h(j) = j + 400. Suppose -k - 3 = 0, -8*p + 11*p = 4*k + 12. Let s be h(p). Suppose -s = -u - 4*u. What is the tens digit of u?
8
Let l = -1509 - -8946. What is the units digit of l?
7
Let a(b) = -b**3 - 11*b**2 + 3*b + 33. Let u be a(-11). Let i(r) = -2*r**2 - 11*r + 1453. What is the units digit of i(u)?
3
Let i be (86567/637*7)/((-2)/(-14)). Suppose 0 = 11*o - i - 2735. What is the units digit of o?
4
Let a be -3 + (688/88 - 2/(-11)). Suppose 2*n - 3*n - 3*i + 218 = 0, -1138 = -a*n + i. What is the hundreds digit of n?
2
Let c = -166 + 269. Let a(j) = j**3 + 11*j**2 - 14*j - 4. Let n be a(-12). Suppose -2*w = -3*t + c, -t = -w - 54 + n. What is the tens digit of t?
3
Let d(a) = 5*a**2 - 22*a - 5*a**2 - 4*a**2 + 8 + 7*a**2 - 2*a**2. What is the units digit of d(0)?
8
Suppose 0 = -99*y + 405469 + 1613339. What is the units digit of y?
2
What is the thousands digit of (-124)/((-44)/(-48) + -1)?
1
Let m(g) = 104*g**2 + 4*g - 1. Suppose -2*i = 172 - 6. Let w = i + 84. What is the units digit of m(w)?
7
Let p(n) = n**2 - n + 2. Let h be p(-2). Let j be h/(-3)*(-2)/((-40)/(-495)). Let d = 78 - j. What is the units digit of d?
2
Let h = 4485 - 2236. What is the units digit of h?
9
Suppose -5*b + 12442 = 4*n, -78*b = -82*b + n + 9941. What is the hundreds digit of b?
4
Let a = -798 - -1374. Suppose 0*w = 3*w - a. What is the units digit of w?
2
Let w = -2613 + 5659. What is the thousands digit of w?
3
Let h = 49219 + -29193. What is the units digit of h?
6
Let r(g) = 145*g**3 + g**2 - 3*g + 2. Let o be r(1). Let m = o + -93. Suppose -50*a = -m*a + 96. What is the tens digit of a?
4
Let o(r) = -10344*r - 383. What is the thousands digit of o(-2)?
0
Let z(q) = -q**3 + 17*q**2 - 5*q - 9. Let x(y) = y**3 - 17*y**2 + 6*y + 10. Let j(k) = -4*x(k) - 3*z(k). What is the hundreds digit of j(7)?
4
Let m be ((-28)/10)/((-16)/(-80)). Let s = m - -49. Let v = s + 82. What is the units digit of v?
7
Let a = -34420 - -52630. What is the tens digit of a?
1
Let j(g) = 35 - 95 + 15*g + 16*g**2 + 7*g. Let f(n) = -5*n**2 - 7*n + 20. Let u(p) = -7*f(p) - 2*j(p). What is the units digit of u(-8)?
2
Suppose 2*i - 2 - 34 = 0. Let h = i - 6. Suppose -9*s + h = -6*s. What is the units digit of s?
4
Let j(o) = 4*o - 7. Let b be j(2). Suppose 2*g + b - 8 = 5*y, 4*g = 5*y + 9. What is the units digit of g + (50 - (-2 - -3))?
0
Let x(f) = 12*f**2 + 12*f - 96. Let t = 337 - 326. What is the tens digit of x(t)?
8
Suppose -36699 + 128796 = 81*q. What is the tens digit of q?
3
Suppose 25 = -5*b + 5. Let s(r) = 24*r**2 + 4*r + 51. Let p(h) = -26*h**2 - 4*h - 60. Let x(u) = 5*p(u) + 6*s(u). What is the units digit of x(b)?
4
Let p be 9/3 - 15 - 88. Let v = -121 + 288. Let h = p + v. What is the tens digit of h?
6
Let w = 2249 + -577. Suppose 7*y + w = 6635. What is the tens digit of y?
0
Suppose -3*d + 6 = 0, 5*i - 5*d + d - 103462 = 0. What is the hundreds digit of i?
6
Let l = -11665 - -37127. What is the hundreds digit of l?
4
Let j(n) = n**2 + 1. Let f be j(-1). Suppose y - 2*k - 108 = 0, -2*y + f*k - 4*k + 228 = 0. Let g = 176 - y. What is the tens digit of g?
6
Suppose u + 709 = -5*b + 9198, 0 = -5*u + b + 42497. What is the tens digit of u?
9
Let z(y) = 4*y**2 - 2. Let s be z(1). Suppose i - 357 = -3*g, -4*i - s*g - 319 = -1717. What is the hundreds digit of i?
3
Suppose -4*m - 4*k + 7*k = 22, 0 = 5*m - 4*k + 28. What is the hundreds digit of (-3 - m)*((7 - -1110) + -5)?
1
Suppose 4*k - 38215 = -2*m + 36013, -4*k = -5*m + 185458. What is the ten thousands digit of m?
3
What is the tens digit of (18/27)/((-2)/(-5)) + 9241/3?
8
Let n = -2623 - 